{"version":"1.0","provider_name":"bootcut","provider_url":"https:\/\/bootcut.cafeblog.hu","author_name":"emka","author_url":"https:\/\/bootcut.cafeblog.hu\/author\/m_k_andrea\/","title":"Mindhal\u00e1lig musical","html":"<p>Ki is az a Bob Fosse? A n\u00e9v, \u00edgy \u00f6nmag\u00e1ban nem annyira ismer\u0151s. De ha azt mondom, hogy Mindhal\u00e1lig zene vagy Cabaret, akkor megvan; \u00a0Bob Fosse volt mindk\u00e9t produkci\u00f3 rendez\u0151je \u00e9s koreogr\u00e1fusa. Az el\u0151bbi eset\u00e9ben, \u00f6n\u00e9letrajzi ihlet\u00e9s\u0171 filmr\u0151l van sz\u00f3, amit Cannesban Arany P\u00e1lm\u00e1val jutalmaztak, a Cabaret-\u00e9rt pedig Oscar es\u0151 hullott r\u00e1, n\u00e1lunk is kedvelt volt filmen \u00e9s sz\u00ednpadon egyar\u00e1nt. A Fosse- produkci\u00f3k, (m\u00e9g j\u00f3 n\u00e9h\u00e1ny),olyan kultdarabok, amelyek bemutat\u00e1s\u00e1t a szocializmus kult\u00farfelel\u0151sei is fontosnak tartottak. Megjegyzem, hogy a t\u00e1nczseni Fosse-r\u00f3l \u00e9s a nem kev\u00e9sb\u00e9 virtu\u00f3z p\u00e1rj\u00e1r\u00f3l Gwen Verdonr\u00f3l l\u00e1that\u00f3 most egy sorozat az egyik streamingszolg\u00e1ltat\u00f3 k\u00edn\u00e1lat\u00e1ban.<\/p>\r\n[caption id=\"attachment_1059\" align=\"alignnone\" width=\"429\"]<img class=\"wp-image-1059 size-large\" src=\"https:\/\/bootcut.cafeblog.hu\/files\/2020\/04\/Liza-Minelli-429x600.jpg\" alt=\"\" width=\"429\" height=\"600\" \/> Liza legjobb szerepe[\/caption]\r\n<p><strong>Megreform\u00e1lta a musicalt<\/strong><\/p>\r\n[caption id=\"attachment_1061\" align=\"alignleft\" width=\"237\"]<img class=\"wp-image-1061 size-medium\" src=\"https:\/\/bootcut.cafeblog.hu\/files\/2020\/04\/Bob-Fosse3-237x300.jpg\" alt=\"\" width=\"237\" height=\"300\" \/> Bob Fosse munka k\u00f6zben[\/caption]\r\n<p>Ezzel Fosse, aki t\u00e1ncosk\u00e9nt indult, az amerikai musicalt\u00f6rt\u00e9net kiemelked\u0151 alakj\u00e1v\u00e1 v\u00e1lt. A t\u00e1nckoreogr\u00e1fus fenegyerek \u00fagy ny\u00falt hozz\u00e1, \u201971-ben, a Cabaret sz\u00ednpadi v\u00e1ltozat\u00e1hoz, ahogy el\u0151tte m\u00e9g senki m\u00e1s, el\u0151re meg\u00e9rezte az \u00faj \u00e9vtized szellemis\u00e9g\u00e9t. A 30-as \u00e9vekben, Berlinben j\u00e1tsz\u00f3d\u00f3 t\u00f6rt\u00e9netb\u0151l provokat\u00edv el\u0151ad\u00e1st var\u00e1zsolt a v\u00e1szonra, volt benne dr\u00e1ma, erk\u00f6lcsi probl\u00e9ma, szex \u00e9s alkohol. Az \u00e9neksz\u00e1mok, melyek meg\u00edr\u00e1s\u00e1ban is seg\u00e9dkezett elgondolkodtat\u00f3ak, a f\u0151szerepl\u0151 Liza Minnellir\u0151l pedig az\u00f3ta is azt mondj\u00e1k a kritikusok, hogy nem tudta \u00fcberelni Sally Bowles karakter\u00e9t. Bob Fosse \u201ekarmesteri p\u00e1lc\u00e1ja\u201d alatt t\u00f6k\u00e9letesre siker\u00fclt az \u00e1tl\u00e9nyeg\u00fcl\u00e9s.\u00a0 A \u201972-ben (n\u00e1lunk is) bemutatott polg\u00e1rpukkaszt\u00f3, \u00e1m val\u00f3di film\u00e9lm\u00e9ny, 8 Oscart hozott az alkot\u00f3knak. Az egyiket Coppola Keresztap\u00e1ja el\u0151l hal\u00e1szt\u00e1k el. Ezut\u00e1n m\u00e1r nem volt meg\u00e1ll\u00e1s, j\u00f6ttek a Tony-k \u00e9s az Emmy-k is. Fosse mindig a legjobb akart lenni, ez az \u0151r\u00fclt v\u00e1gya hajtotta a munkam\u00e1ni\u00e1ba, nagyon bizony\u00edtani, akart \u00e9s eleinte nagyon zavarta, hogy p\u00e1rja, a virtu\u00f3z t\u00e1ncos Gwen Verdon ismertebb n\u00e1la.<\/p>\r\n<p><img class=\"alignnone wp-image-1068 size-large\" src=\"https:\/\/bootcut.cafeblog.hu\/files\/2020\/04\/Cabaret-421x600.jpg\" alt=\"\" width=\"421\" height=\"600\" \/><\/p>\r\n<p>&nbsp;<\/p>\r\n<p><img class=\"alignnone wp-image-1062 size-full\" src=\"https:\/\/bootcut.cafeblog.hu\/files\/2020\/04\/Bob-Fosse2.jpg\" alt=\"\" width=\"563\" height=\"427\" \/><\/p>\r\n<p><strong>Monroe-nak is tan\u00edtott t\u00e1ncot<\/strong><\/p>\r\n[caption id=\"attachment_1060\" align=\"alignright\" width=\"235\"]<img class=\"wp-image-1060 size-full\" src=\"https:\/\/bootcut.cafeblog.hu\/files\/2020\/04\/Gwenn.jpg\" alt=\"\" width=\"235\" height=\"297\" \/> Gwen Verdon[\/caption]\r\n<p>Persze a siker, ahogy lenni szokott, a mag\u00e1n\u00e9letben m\u00e1r nem volt olyan f\u00e9nyes, ugyanis \u00e9ppen a Cabaret k\u00e9sz\u00edt\u00e9s\u00e9nek id\u0151szak\u00e1ban v\u00e1lt el Fosse feles\u00e9g\u00e9t\u0151l. Gwen Verdonnal 1955-ben tal\u00e1lkoztak egy pr\u00f3bateremben, ahogy eml\u00edtettem\u00a0 Fosse m\u00e9g teljesen ismeretlen volt, de Verdont m\u00e1r sikeres t\u00e1ncos szerepl\u0151k\u00e9nt jegyezt\u00e9k a Broadway-n. Az 1953-ban bemutatott h\u00edres Cole Porter musicalban a Can-Can-ban t\u0171nt fel. 1960-ban h\u00e1zasodtak \u00f6ssze, egy l\u00e1nyuk sz\u00fcletett \u00e9s sikeres musicalek ker\u00fcltek ki kezeik k\u00f6z\u00fcl. T\u00f6bbek k\u00f6z\u00f6tt az \u00c9des Charity, melynek f\u0151szerep\u00e9t Verdon j\u00e1tszotta a sz\u00ednpadon, a filmv\u00e1sznon pedig Shirley Maclaine, de Verdon felejthetetlen volt a Chicago c\u00edm\u0171, szint\u00e9n f\u00e9rj\u00e9vel k\u00f6z\u00f6s produkci\u00f3ban, Roxie Hart szerep\u00e9ben, amelyet Ren\u00e9e Zellwegger alak\u00edtott a k\u00e9s\u0151bbi filmes v\u00e1ltozatban. A t\u00e1ncosl\u00e1b\u00fa Verdon, ha nem a f\u00e9rj\u00e9nek seg\u00edtett a produkci\u00f3k l\u00e9trehoz\u00e1s\u00e1ban, t\u00e1ncot tan\u00edtott Hollywoodban, Lana Turnernek vagy \u00e9ppen Marilyn Monroe-nak.\u00a0 Gwen er\u0151s n\u0151 volt, hat\u00e1rozott elk\u00e9pzel\u00e9sekkel \u00e9s p\u00e1ratlan tehets\u00e9ggel. Nagyon nehezen viselte, amikor f\u00e9rje id\u0151nk\u00e9nt \u00fagy d\u00f6nt\u00f6tt f\u00e9lre\u00e1ll\u00edtja \u00e9s \u00e1rny\u00e9kak\u00e9nt kezelte. J\u00f3l eml\u00e9kezett, amikor m\u00e9g \u0151 mutatta be Fosse-t mindenkinek \u00e9s tudta f\u00e9rje mennyire irigyeli \u0151t. Az \u0151 h\u00e1zass\u00e1guknak a f\u00e9rj szakmai f\u00e9lt\u00e9kenys\u00e9ge miatt is befellegzett.\u00a0<\/p>\r\n<p><img class=\"alignnone wp-image-1064 size-full\" src=\"https:\/\/bootcut.cafeblog.hu\/files\/2020\/04\/Gwenn3.jpg\" alt=\"\" width=\"564\" height=\"419\" \/><\/p>\r\n<p><strong>Meg\u00f6lte a zene<\/strong><\/p>\r\n[caption id=\"attachment_1065\" align=\"alignright\" width=\"188\"]<img class=\"wp-image-1065 size-medium\" src=\"https:\/\/bootcut.cafeblog.hu\/files\/2020\/04\/Bob-Fosse-Jessica-Lange-188x300.jpg\" alt=\"\" width=\"188\" height=\"300\" \/> Jessica Lange \u00e9s Fosse[\/caption]\r\n<p>Az All That Jazz, azaz Mindhal\u00e1lig zene c\u00edm\u0171 film, h\u0171en \u00f6sszefoglalja, hogy hogyan is \u00e9l a munkam\u00e1ni\u00e1s producer-koreogr\u00e1fus: a p\u00f6rg\u00e9st az alkohol, a drogok \u00e9s a n\u0151k biztos\u00edtott\u00e1k. Bob Fosse sim\u00e1n kimer\u00edtette volna ma a \u201emetoo\u201d mozgalom \u00f6sszes v\u00e1dj\u00e1t. L\u00e9nyeg\u00e9ben, a r\u00f6pt\u00e9ben a legyet t\u00edpusba sorolhat\u00f3, \u00e9s nyilv\u00e1n ez volt az, ami m\u00e1r Verdonnak egy kicsit sok volt. A Mindhal\u00e1lig zene \u201979-ben k\u00e9sz\u00fclt, a szuper s\u00e1rmos Roy Scheider f\u0151szerepl\u00e9s\u00e9vel. \u0150 alak\u00edtotta Fosse-t, aki k\u00f6r\u00fcl keringenek a n\u0151k, felt\u0171nik a csodasz\u00e9p Jessica Lange is a filmben, amely t\u00e1ncpr\u00f3b\u00e1k jelenetei, mag\u00e1n\u00e9leti epiz\u00f3dok \u00e9s sz\u00fcrre\u00e1lis t\u00f6rt\u00e9netek kevered\u00e9se. Ez ut\u00f3bbi annak az elk\u00e9pzel\u00e9se, hogy mi lesz a koreogr\u00e1fussal, a t\u00faltolt \u00e9let ut\u00e1n, a m\u00e1svil\u00e1gon. A film \u00e9rdekess\u00e9ge m\u00e9g az is, hogy a Gwen Verdont alak\u00edt\u00f3 n\u0151i f\u0151szerepl\u0151, Ann Reinking, Fosse p\u00e1rja volt, de ez cs\u00f6ppet sem zavarta Gwent, ugyanis \u0151k j\u00f3ban voltak \u00e9s csod\u00e1lt\u00e1k egym\u00e1s t\u00e1nctud\u00e1s\u00e1t. A Fosse\/Verdon sorozatban Annt, a felt\u00f6rekv\u0151, t\u00f6r\u00e9keny Margaret Qualley j\u00e1tssza, aki Andie McDowell l\u00e1nya. Ennyit a vil\u00e1gszt\u00e1rok tal\u00e1lkoz\u00f3j\u00e1r\u00f3l. A Mindhal\u00e1lig zen\u00e9ben, Fosse \u00e9rezte \u00e9s \u00e9reztette, hogy a zene lesz a v\u00e9gzete. \u00c9ppen egyik produkci\u00f3j\u00e1nak \u0151sbemutat\u00f3j\u00e1ra sietett, amikor rosszul lett, \u00f6sszeesett \u00e9s az utc\u00e1n \u00e9rte a hal\u00e1l 1987-ben.<\/p>\r\n<p><img class=\"alignnone wp-image-1066 size-full\" src=\"https:\/\/bootcut.cafeblog.hu\/files\/2020\/04\/All-That-Jazz.jpg\" alt=\"\" width=\"350\" height=\"500\" \/><\/p>\r\n<p>Bob Fosse munk\u00e1ss\u00e1ga nem v\u00e9letlen\u00fcl \u00e9rdemelte meg az err\u0151l k\u00e9sz\u00fclt sorozatot. A papageno.hu azt \u00edrja r\u00f3la: \u201efilmjeiben a zene, a t\u00e1nc \u00e9s a t\u00f6rt\u00e9net egym\u00e1ssal szoros kapcsolatban van, \u00e9s dramaturgiailag mindent megmagyar\u00e1z.\u201d \u0150 maga pedig azt \u00e1ll\u00edtotta, hogy a produkci\u00f3kban az \u00e9nekre \u00e9s a t\u00e1ncra az\u00e9rt van sz\u00fcks\u00e9g, mert az \u00e9rzelmeket m\u00e1r nem lehet besz\u00e9ddel kifejezni. Munk\u00e1iban jellemz\u0151 volt r\u00e1 a kell\u00e9kek haszn\u00e1lata, melyet p\u00e9ldak\u00e9p\u00e9nek Fred Astaire hat\u00e1s\u00e1nak is tulajdon\u00edtanak: s\u00e9tap\u00e1lca, kalap \u00e9s keszty\u0171. A papageno.hu \u00fagy tudja, egyesek szerint ezek a kell\u00e9kek kivet\u00edt\u00e9sek is lehettek: Fosse nem szerette, hogy kopaszodik, ez\u00e9rt volt a t\u00e1ncosok fej\u00e9n kalap, \u00e9s nem volt megel\u00e9gedve a cs\u00fanya kezeivel sem, \u00edgy ker\u00fcltek el\u0151 a produkci\u00f3kban a keszty\u0171k.<\/p>\r\n<p><img class=\"alignnone wp-image-1067 size-large\" src=\"https:\/\/bootcut.cafeblog.hu\/files\/2020\/04\/Bob-Fosse-600x338.jpg\" alt=\"\" width=\"600\" height=\"338\" \/><\/p>","type":"rich"}

Mindhalálig musical

<p>Ki is az a Bob Fosse? A név, így önmagában nem annyira ismerős. De ha azt mondom, hogy Mindhalálig zene vagy Cabaret, akkor megvan;  Bob Fosse volt mindkét produkció rendezője és koreográfusa. Az előbbi esetében, önéletrajzi ihletésű filmről van szó, amit Cannesban Arany Pálmával jutalmaztak, a Cabaret-ért pedig Oscar eső hullott rá, nálunk is kedvelt volt filmen és színpadon egyaránt. A Fosse- produkciók, (még jó néhány),olyan kultdarabok, amelyek bemutatását a szocializmus kultúrfelelősei is fontosnak tartottak. Megjegyzem, hogy a tánczseni Fosse-ról és a nem kevésbé virtuóz párjáról Gwen Verdonról látható most egy sorozat az egyik streamingszolgáltató kínálatában.</p>
[caption id="attachment_1059" align="alignnone" width="429"]<img class="wp-image-1059 size-large" src="https://bootcut.cafeblog.hu/files/2020/04/Liza-Minelli-429x600.jpg" alt="" width="429" height="600" /> Liza legjobb szerepe[/caption]
<p><strong>Megreformálta a musicalt</strong></p>
[caption id="attachment_1061" align="alignleft" width="237"]<img class="wp-image-1061 size-medium" src="https://bootcut.cafeblog.hu/files/2020/04/Bob-Fosse3-237x300.jpg" alt="" width="237" height="300" /> Bob Fosse munka közben[/caption]
<p>Ezzel Fosse, aki táncosként indult, az amerikai musicaltörténet kiemelkedő alakjává vált. A tánckoreográfus fenegyerek úgy nyúlt hozzá, ’71-ben, a Cabaret színpadi változatához, ahogy előtte még senki más, előre megérezte az új évtized szellemiségét. A 30-as években, Berlinben játszódó történetből provokatív előadást varázsolt a vászonra, volt benne dráma, erkölcsi probléma, szex és alkohol. Az énekszámok, melyek megírásában is segédkezett elgondolkodtatóak, a főszereplő Liza Minnelliről pedig azóta is azt mondják a kritikusok, hogy nem tudta überelni Sally Bowles karakterét. Bob Fosse „karmesteri pálcája” alatt tökéletesre sikerült az átlényegülés.  A ’72-ben (nálunk is) bemutatott polgárpukkasztó, ám valódi filmélmény, 8 Oscart hozott az alkotóknak. Az egyiket Coppola Keresztapája elől halászták el. Ezután már nem volt megállás, jöttek a Tony-k és az Emmy-k is. Fosse mindig a legjobb akart lenni, ez az őrült vágya hajtotta a munkamániába, nagyon bizonyítani, akart és eleinte nagyon zavarta, hogy párja, a virtuóz táncos Gwen Verdon ismertebb nála.</p>
<p><img class="alignnone wp-image-1068 size-large" src="https://bootcut.cafeblog.hu/files/2020/04/Cabaret-421x600.jpg" alt="" width="421" height="600" /></p>
<p>&nbsp;</p>
<p><img class="alignnone wp-image-1062 size-full" src="https://bootcut.cafeblog.hu/files/2020/04/Bob-Fosse2.jpg" alt="" width="563" height="427" /></p>
<p><strong>Monroe-nak is tanított táncot</strong></p>
[caption id="attachment_1060" align="alignright" width="235"]<img class="wp-image-1060 size-full" src="https://bootcut.cafeblog.hu/files/2020/04/Gwenn.jpg" alt="" width="235" height="297" /> Gwen Verdon[/caption]
<p>Persze a siker, ahogy lenni szokott, a magánéletben már nem volt olyan fényes, ugyanis éppen a Cabaret készítésének időszakában vált el Fosse feleségétől. Gwen Verdonnal 1955-ben találkoztak egy próbateremben, ahogy említettem  Fosse még teljesen ismeretlen volt, de Verdont már sikeres táncos szereplőként jegyezték a Broadway-n. Az 1953-ban bemutatott híres Cole Porter musicalban a Can-Can-ban tűnt fel. 1960-ban házasodtak össze, egy lányuk született és sikeres musicalek kerültek ki kezeik közül. Többek között az Édes Charity, melynek főszerepét Verdon játszotta a színpadon, a filmvásznon pedig Shirley Maclaine, de Verdon felejthetetlen volt a Chicago című, szintén férjével közös produkcióban, Roxie Hart szerepében, amelyet Renée Zellwegger alakított a későbbi filmes változatban. A táncoslábú Verdon, ha nem a férjének segített a produkciók létrehozásában, táncot tanított Hollywoodban, Lana Turnernek vagy éppen Marilyn Monroe-nak.  Gwen erős nő volt, határozott elképzelésekkel és páratlan tehetséggel. Nagyon nehezen viselte, amikor férje időnként úgy döntött félreállítja és árnyékaként kezelte. Jól emlékezett, amikor még ő mutatta be Fosse-t mindenkinek és tudta férje mennyire irigyeli őt. Az ő házasságuknak a férj szakmai féltékenysége miatt is befellegzett. </p>
<p><img class="alignnone wp-image-1064 size-full" src="https://bootcut.cafeblog.hu/files/2020/04/Gwenn3.jpg" alt="" width="564" height="419" /></p>
<p><strong>Megölte a zene</strong></p>
[caption id="attachment_1065" align="alignright" width="188"]<img class="wp-image-1065 size-medium" src="https://bootcut.cafeblog.hu/files/2020/04/Bob-Fosse-Jessica-Lange-188x300.jpg" alt="" width="188" height="300" /> Jessica Lange és Fosse[/caption]
<p>Az All That Jazz, azaz Mindhalálig zene című film, hűen összefoglalja, hogy hogyan is él a munkamániás producer-koreográfus: a pörgést az alkohol, a drogok és a nők biztosították. Bob Fosse simán kimerítette volna ma a „metoo” mozgalom összes vádját. Lényegében, a röptében a legyet típusba sorolható, és nyilván ez volt az, ami már Verdonnak egy kicsit sok volt. A Mindhalálig zene ’79-ben készült, a szuper sármos Roy Scheider főszereplésével. Ő alakította Fosse-t, aki körül keringenek a nők, feltűnik a csodaszép Jessica Lange is a filmben, amely táncpróbák jelenetei, magánéleti epizódok és szürreális történetek keveredése. Ez utóbbi annak az elképzelése, hogy mi lesz a koreográfussal, a túltolt élet után, a másvilágon. A film érdekessége még az is, hogy a Gwen Verdont alakító női főszereplő, Ann Reinking, Fosse párja volt, de ez csöppet sem zavarta Gwent, ugyanis ők jóban voltak és csodálták egymás tánctudását. A Fosse/Verdon sorozatban Annt, a feltörekvő, törékeny Margaret Qualley játssza, aki Andie McDowell lánya. Ennyit a világsztárok találkozójáról. A Mindhalálig zenében, Fosse érezte és éreztette, hogy a zene lesz a végzete. Éppen egyik produkciójának ősbemutatójára sietett, amikor rosszul lett, összeesett és az utcán érte a halál 1987-ben.</p>
<p><img class="alignnone wp-image-1066 size-full" src="https://bootcut.cafeblog.hu/files/2020/04/All-That-Jazz.jpg" alt="" width="350" height="500" /></p>
<p>Bob Fosse munkássága nem véletlenül érdemelte meg az erről készült sorozatot. A papageno.hu azt írja róla: „filmjeiben a zene, a tánc és a történet egymással szoros kapcsolatban van, és dramaturgiailag mindent megmagyaráz.” Ő maga pedig azt állította, hogy a produkciókban az énekre és a táncra azért van szükség, mert az érzelmeket már nem lehet beszéddel kifejezni. Munkáiban jellemző volt rá a kellékek használata, melyet példaképének Fred Astaire hatásának is tulajdonítanak: sétapálca, kalap és kesztyű. A papageno.hu úgy tudja, egyesek szerint ezek a kellékek kivetítések is lehettek: Fosse nem szerette, hogy kopaszodik, ezért volt a táncosok fején kalap, és nem volt megelégedve a csúnya kezeivel sem, így kerültek elő a produkciókban a kesztyűk.</p>
<p><img class="alignnone wp-image-1067 size-large" src="https://bootcut.cafeblog.hu/files/2020/04/Bob-Fosse-600x338.jpg" alt="" width="600" height="338" /></p>
